
In base 6, what is 4335 + -505001?
-500222
In base 4, what is -30020232 + -30?
-30020322
In base 13, what is 257 - 359c0?
-35766
In base 8, what is -6615516 - 164?
-6615702
In base 6, what is -54051 + -4132?
-102223
In base 12, what is 272 + 9386?
9638
In base 2, what is 100110100 - 110111000011110110?
-110110111111000010
In base 4, what is -110021 - 3033000?
-3203021
In base 10, what is -1 + -36506813?
-36506814
In base 9, what is 10 - 217000?
-216880
In base 9, what is 3 + -13258130?
-13258126
In base 7, what is 620355 - -54?
620442
In base 10, what is 4039181 - -18?
4039199
In base 8, what is -25 - 6057725?
-6057752
In base 7, what is 66050 + -24511?
41236
In base 3, what is 22 - -101100210211102020?
101100210211102112
In base 2, what is 1001110110 - -110000?
1010100110
In base 3, what is -20211222022 - -10211?
-20211211111
In base 13, what is 1 - 228aa493?
-228aa492
In base 9, what is 12 + 703545?
703557
In base 2, what is 11111000001011100100 - 101011?
11111000001010111001
In base 16, what is 3a97 + 14?
3aab
In base 9, what is -1705164 + 1?
-1705163
In base 5, what is -103144 + -2234013?
-2342212
In base 5, what is -30101 - 2422340?
-3002441
In base 16, what is 296819 + -6?
296813
In base 2, what is -1 - -10101111011001111000010110?
10101111011001111000010101
In base 5, what is -204122 - -40101?
-114021
In base 2, what is -100101111010 + -10001110001?
-110111101011
In base 4, what is 0 - 301203101023?
-301203101023
In base 14, what is 5 + -65a487a?
-65a4875
In base 16, what is 2084 + d2f?
2db3
In base 9, what is -2321 + 41567?
38246
In base 9, what is -8166 - -501?
-7565
In base 7, what is 23 - 5556343?
-5556320
In base 2, what is -111111101010000111110100111 - 10000?
-111111101010000111110110111
In base 14, what is 117ba43 + -3?
117ba40
In base 14, what is -52 + 3c5d1?
3c57d
In base 3, what is -20121102 + -221020100?
-1011211202
In base 9, what is -3 + 117543511?
117543507
In base 14, what is -2 - -15b78921?
15b7891d
In base 8, what is 22664275 + -13?
22664262
In base 15, what is 291da - 26?
291b4
In base 3, what is -1001 - -120201202112?
120201201111
In base 13, what is 1b42b18 + 2?
1b42b1a
In base 13, what is 20a8039 + 1?
20a803a
In base 10, what is -9381 - 10956?
-20337
In base 11, what is 7996 + -188?
7809
In base 3, what is -1021020 - 20222012120?
-21000110210
In base 7, what is -33033 - -113142?
50106
In base 7, what is -4 - 136042014?
-136042021
In base 3, what is 222 + 1121022201211?
1121022202210
In base 15, what is 27a - -3eae2?
3ed6c
In base 8, what is 13 - 2643556?
-2643543
In base 16, what is -2 + 5963?
5961
In base 16, what is 13 + 42b8200?
42b8213
In base 14, what is 389043 - -186?
3891c9
In base 4, what is 10312202000 + -30?
10312201310
In base 3, what is -10010110220112210 + -1?
-10010110220112211
In base 9, what is -15 + 82107556?
82107541
In base 16, what is -6488f + 170?
-6471f
In base 4, what is -11 - 132333322331?
-132333323002
In base 9, what is 8568380 - 0?
8568380
In base 4, what is 13112220220 - 30?
13112220130
In base 10, what is 81 - -52719?
52800
In base 3, what is 10002012021111 + 200110?
10002012221221
In base 6, what is -143 - -2013154?
2013011
In base 12, what is -3655108 - -55?
-3655073
In base 10, what is -50635016 + 4?
-50635012
In base 15, what is -18 + 2bb5041?
2bb5028
In base 16, what is -11adc - -5b?
-11a81
In base 7, what is 1 + 56031035?
56031036
In base 16, what is 0 - -52a603?
52a603
In base 10, what is -4 - -111302019?
111302015
In base 7, what is -13552630016 + 0?
-13552630016
In base 16, what is -94e9 + -1b9d?
-b086
In base 11, what is 2 + 61895863?
61895865
In base 3, what is -10101121202 - 10212?
-10101202121
In base 14, what is 1103c0 + d?
1103cd
In base 16, what is -4 - -1a166da?
1a166d6
In base 5, what is 201124 + 232403?
434032
In base 10, what is 2225 + 124?
2349
In base 2, what is -101011110111010110100100 - 1?
-101011110111010110100101
In base 10, what is 301645 - 1?
301644
In base 8, what is 235 - 10027572?
-10027335
In base 3, what is 0 - -22101120210010011?
22101120210010011
In base 4, what is 11 + -3123320210?
-3123320133
In base 13, what is -196 - -578c2?
57729
In base 13, what is -1839a1 + -25?
-1839c6
In base 9, what is -1333661 + 1331?
-1332330
In base 4, what is -1030303 - -221222?
-203021
In base 15, what is 0 - 33cab4c?
-33cab4c
In base 15, what is 368 + -3551d?
-351a5
In base 16, what is -7a4 - -116a?
9c6
In base 6, what is 0 + -2140004522?
-2140004522
In base 14, what is 7 + -1836a6c?
-1836a65
In base 6, what is -2 - 10143044153?
-10143044155
In base 11, what is -2 + -14464672a?
-144646731
In base 15, what is -1 + 4cc78?
4cc77
In base 8, what is -3304 - 463?
-3767
In base 4, what is 11 + -3233203322?
-3233203311
In base 6, what is -11544544 + -100?
-11545044
In base 10, what is 24 - -13107198?
13107222
In base 12, what is 774 - -904?
1478
In base 12, what is 3ab + -4941?
-4552
In base 7, what is 33 - -10652316?
10652352
In base 14, what is -14 - -26758c?
267578
In base 16, what is -236 - 80e4?
-831a
In base 10, what is -115 - -111192?
111077
In base 13, what is -64c - -732?
b3
In base 6, what is 122214 + 5521?
132135
In base 12, what is 1125 - -41002?
42127
In base 13, what is 13a - 25841?
-25704
In base 5, what is 310123 + -2011323?
-1201200
In base 10, what is 14654 - -4104?
18758
In base 8, what is -222254 - -5567?
-214465
In base 10, what is 43 - 907184?
-907141
In base 10, what is 19 - -1651711?
1651730
In base 7, what is -4 + 2424342446?
2424342442
In base 9, what is 1 + -73361700?
-73361688
In base 14, what is 1a35 + 99?
1ad0
In base 16, what is 3 + d5d5a?
d5d5d
In base 7, what is -3 - -122066554?
122066551
In base 11, what is -3 + 110063931?
110063929
In base 12, what is -140805 - 146?
-14094b
In base 6, what is -221252 - 131031?
-352323
In base 14, what is -57993 + 124b?
-56746
In base 7, what is -6005016 - -10?
-6005006
In base 5, what is -3 - 224110231440?
-224110231443
In base 16, what is 20d + -a916?
-a709
In base 8, what is -3655 - -21645?
15770
In base 13, what is -2763108 + 5?
-2763103
In base 13, what is 1 + -599a257?
-599a256
In base 9, what is -3303830 - -3?
-3303826
In base 6, what is -2010052401 - 5?
-2010052410
In base 3, what is 10021200200211102 + 2?
10021200200211111
In base 12, what is -27a9 + -412?
-2bbb
In base 8, what is 311302445 + -4?
311302441
In base 11, what is 91 - 6701242?
-6701161
In base 5, what is 131 - 4401230210?
-4401230024
In base 5, what is 13132 + 13101224?
13114411
In base 9, what is -2038010 + -1020?
-2040030
In base 8, what is 270 - 12660?
-12370
In base 14, what is 29 + -4aaa097?
-4aaa06c
In base 12, what is -3 - -244a76?
244a73
In base 15, what is -6 - 2ade36?
-2ade3c
In base 11, what is 6 + 1400196?
14001a1
In base 13, what is -1353 + -117?
-146a
In base 13, what is 1a241 - 1b3?
1a05b
In base 12, what is -3 + 53baa86?
53baa83
In base 8, what is 13104 - 2774?
10110
In base 11, what is 5a3 + -a11?
-419
In base 8, what is 5177062 + -113?
5176747
In base 2, what is 11001 + -10011011011101?
-10011011000100
In base 10, what is -262009 - -349?
-261660
In base 6, what is 0 + -10201543345?
-10201543345
In base 14, what is 61545 + -4b?
614d8
In base 7, what is 321 - 43004363?
-43004042
In base 10, what is 27 + 189155?
189182
In base 14, what is -149a043 + 0?
-149a043
In base 2, what is -101010101 + -101001011?
-1010100000
In base 13, what is -6b8222 + -2a?
-6b824c
In base 11, what is -140 - 92a938?
-92aa78
In base 16, what is 2 + 1f9a1a?
1f9a1c
In base 8, what is -2776714 - -173?
-2776521
In base 10, what is -1073 - -2669?
1596
In base 5, what is -1120102 + -42332?
-1212434
In base 8, what is 0 - 22765202?
-22765202
In base 15, what is -1ba0a6 + 1?
-1ba0a5
In base 10, what is -6 - -1874062?
1874056
In base 14, what is -3b11a + -31?
-3b14b
In base 16, what is -52 - 1487e5?
-148837
In base 7, what is -4450524056 - 4?
-4450524063
In base 8, what is 1123073 - -412?
1123505
In base 2, what is -1101101001 - 10000000110110?
-10001110011111
In base 3, what is -1 + 10021021002221100?
10021021002221022
In base 9, what is 14 + 144045258?
144045273
In base 7, what is -343600 + 1225?
-342342
In base 7, what is 26062 + -415?
25344
In base 6, what is -1115 + -140411?
-141530
In base 2, what is -100100 - 100001010111100001000000?
-10000101